{"id":2092,"date":"2018-01-08T22:25:48","date_gmt":"2018-01-08T22:25:48","guid":{"rendered":"http:\/\/ff-langenbieber.de\/?page_id=2092"},"modified":"2023-02-12T14:30:08","modified_gmt":"2023-02-12T14:30:08","slug":"einsaetze-in-2018","status":"publish","type":"page","link":"http:\/\/ff-langenbieber.de\/index.php\/einsaetze-in-2018\/","title":{"rendered":"Eins\u00e4tze 2018"},"content":{"rendered":"<p>&nbsp;<\/p>\n<p><!--\n\n\n<tr>\n\n\n<td>1<\/td>\n\n\n\n\n<td>31.03.2015 11:43 Uhr<\/td>\n\n\n\n\n<td>Technische Hilfeleistung<\/td>\n\n\n\n\n<td><a href=\"http:\/\/www.feuerwehr-hofbieber.de\/main.php?mainnavi=fw&amp;navi=einsatz_31032015_1143\" target=\"_blank\" rel=\"noopener\">Baum auf Stra\u00dfe zw. Thiergarten und Altenrain<\/a><\/td>\n\n\n\n\n<td>1:2<\/td>\n\n\n<\/tr>\n\n\n--><\/p>\n<table>\n<tbody>\n<tr>\n<td>Nummer<\/td>\n<td>Alarmierung<\/td>\n<td>Art<\/td>\n<td>Vorgefundene Lage<\/td>\n<td>Besatzung<\/td>\n<\/tr>\n<tr>\n<td>1<\/td>\n<td>18.01.2018 14:45 Uhr<\/td>\n<td>Technische Hilfeleistung<\/td>\n<td><a href=\"https:\/\/osthessen-news.de\/n11579735\/friederike-hunderte-feuerwehreinsatze-180-meter-kran-umgestuerzt.html\">B\u00e4ume auf Stra\u00dfe Ri. Dipperz nach Orkan Friederike <\/a><\/td>\n<td>1:7<\/td>\n<\/tr>\n<tr>\n<td>2<\/td>\n<td>26.01.2018 21:27 Uhr<\/td>\n<td>Brandeinsatz<\/td>\n<td>brennt M\u00fcllcontainer Bushaltestelle Langenbieber<\/td>\n<td>1:11<\/td>\n<\/tr>\n<tr>\n<td>3&amp;4<\/td>\n<td>13.04.2018 16:38 Uhr<\/td>\n<td>Technische Hilfeleistung<\/td>\n<td><a href=\"https:\/\/osthessen-news.de\/n11586579\/live-ticker-am-freitag-verkehr-auf-a7-und-b27-in-hoehe-fulda-staut-sich.html\">Unwettermodul &#8211; Vollalarm f\u00fcr die Feuerwehren der Gemeinde Hofbieber<\/a><\/td>\n<td>1:19<\/td>\n<\/tr>\n<tr>\n<td>5 &#8211; 11<\/td>\n<td>10.05.2018 17:15 Uhr<\/td>\n<td>Technische Hilfeleistung<\/td>\n<td>Unwetter in Langenbieber \/ vollgelaufene Keller &amp; \u00fcberflutete Stra\u00dfen<\/td>\n<td>1:20<\/td>\n<\/tr>\n<tr>\n<td>12 &amp; 13<\/td>\n<td>11.05.2018 11:00 Uhr<\/td>\n<td>Technische Hilfeleistung<\/td>\n<td>Unterst\u00fctzung des Bauhofes bei Beseitigung Unwettersch\u00e4den<\/td>\n<td>1:10<\/td>\n<\/tr>\n<tr>\n<td>14<\/td>\n<td>29.05.2018 15:16 Uhr<\/td>\n<td>Technische Hilfeleistung\/VU<\/td>\n<td><a href=\"https:\/\/osthessen-news.de\/n11590291\/vorfahrt-missachtet-unfall-mit-zwei-verletzten-kindern.html\">Verkehrsunfall mit umgest\u00fcrztem PKW<\/a><\/td>\n<td>1:9<\/td>\n<\/tr>\n<tr>\n<td>16<\/td>\n<td>16.06.2018 20:25 Uhr<\/td>\n<td>Technische Hilfeleistung<\/td>\n<td>Absperrma\u00dfnahmen nach Fund von Eichenprozessionsspinner<\/td>\n<td>1:5<\/td>\n<\/tr>\n<tr>\n<td>17<\/td>\n<td>24.06.2018 17:15 Uhr<\/td>\n<td>Technische Hilfeleistung\/VU<\/td>\n<td>Verkehrsunfall mit PKW &lt;&#8211;&gt; Motorrad<\/td>\n<td>1:8<\/td>\n<\/tr>\n<tr>\n<td>18<\/td>\n<td>04.07.2018 12:08 Uhr<\/td>\n<td>Brandeinsatz<\/td>\n<td>Brennt Gartenh\u00fctte in Hausarmen<\/td>\n<td>1:5<\/td>\n<\/tr>\n<tr>\n<td>19<\/td>\n<td>23.07.2018 16:53 Uhr<\/td>\n<td>Technische Hilfeleistung\/VU<\/td>\n<td>Verkehrsunfall mit 2 PKW \/ Glas und \u00d6l nach VU<\/td>\n<td>1:6<\/td>\n<\/tr>\n<tr>\n<td>20<\/td>\n<td>26.07.2018 16:22 Uhr<\/td>\n<td>Brandeinsatz<\/td>\n<td>gemeldeter Waldbrand bei Elters \/ Fl\u00e4chenbrand<\/td>\n<td>1:11<\/td>\n<\/tr>\n<tr>\n<td>21<\/td>\n<td>09.08.2018 17:29 Uhr<\/td>\n<td>Technische Hilfeleistung<\/td>\n<td>Baum auf Fahrbahn<\/td>\n<td>1:11<\/td>\n<\/tr>\n<tr>\n<td>22<\/td>\n<td>12.08.2018 14:40 Uhr<\/td>\n<td>Brandsicherheitsdienst<\/td>\n<td>Brandsicherheitsdienst auf der Kunstwoche in Kleinsassen<\/td>\n<td>1:2<\/td>\n<\/tr>\n<tr>\n<td>23<\/td>\n<td>04.09.2018 20:00 Uhr<\/td>\n<td>Technische Hilfeleistung\/VU<\/td>\n<td>Insekteneinsatz<\/td>\n<td>1:2<\/td>\n<\/tr>\n<\/tbody>\n<\/table>\n","protected":false},"excerpt":{"rendered":"<p>&nbsp; Nummer Alarmierung Art Vorgefundene Lage Besatzung 1 18.01.2018 14:45 Uhr Technische Hilfeleistung B\u00e4ume auf Stra\u00dfe Ri. Dipperz nach Orkan Friederike 1:7 2 26.01.2018 21:27 Uhr Brandeinsatz brennt M\u00fcllcontainer Bushaltestelle Langenbieber 1:11 3&amp;4 13.04.2018 16:38 Uhr Technische Hilfeleistung Unwettermodul &#8211; Vollalarm f\u00fcr die Feuerwehren der Gemeinde Hofbieber 1:19 5 &#8211; 11 10.05.2018 17:15 Uhr Technische [&hellip;]<\/p>\n","protected":false},"author":1,"featured_media":0,"parent":0,"menu_order":0,"comment_status":"closed","ping_status":"closed","template":"","meta":{"ngg_post_thumbnail":0,"ocean_post_layout":"","ocean_both_sidebars_style":"","ocean_both_sidebars_content_width":0,"ocean_both_sidebars_sidebars_width":0,"ocean_sidebar":"0","ocean_second_sidebar":"0","ocean_disable_margins":"enable","ocean_add_body_class":"","ocean_shortcode_before_top_bar":"","ocean_shortcode_after_top_bar":"","ocean_shortcode_before_header":"","ocean_shortcode_after_header":"","ocean_has_shortcode":"","ocean_shortcode_after_title":"","ocean_shortcode_before_footer_widgets":"","ocean_shortcode_after_footer_widgets":"","ocean_shortcode_before_footer_bottom":"","ocean_shortcode_after_footer_bottom":"","ocean_display_top_bar":"default","ocean_display_header":"default","ocean_header_style":"","ocean_center_header_left_menu":"0","ocean_custom_header_template":"0","ocean_custom_logo":0,"ocean_custom_retina_logo":0,"ocean_custom_logo_max_width":0,"ocean_custom_logo_tablet_max_width":0,"ocean_custom_logo_mobile_max_width":0,"ocean_custom_logo_max_height":0,"ocean_custom_logo_tablet_max_height":0,"ocean_custom_logo_mobile_max_height":0,"ocean_header_custom_menu":"0","ocean_menu_typo_font_family":"0","ocean_menu_typo_font_subset":"","ocean_menu_typo_font_size":0,"ocean_menu_typo_font_size_tablet":0,"ocean_menu_typo_font_size_mobile":0,"ocean_menu_typo_font_size_unit":"px","ocean_menu_typo_font_weight":"","ocean_menu_typo_font_weight_tablet":"","ocean_menu_typo_font_weight_mobile":"","ocean_menu_typo_transform":"","ocean_menu_typo_transform_tablet":"","ocean_menu_typo_transform_mobile":"","ocean_menu_typo_line_height":0,"ocean_menu_typo_line_height_tablet":0,"ocean_menu_typo_line_height_mobile":0,"ocean_menu_typo_line_height_unit":"","ocean_menu_typo_spacing":0,"ocean_menu_typo_spacing_tablet":0,"ocean_menu_typo_spacing_mobile":0,"ocean_menu_typo_spacing_unit":"","ocean_menu_link_color":"","ocean_menu_link_color_hover":"","ocean_menu_link_color_active":"","ocean_menu_link_background":"","ocean_menu_link_hover_background":"","ocean_menu_link_active_background":"","ocean_menu_social_links_bg":"","ocean_menu_social_hover_links_bg":"","ocean_menu_social_links_color":"","ocean_menu_social_hover_links_color":"","ocean_disable_title":"default","ocean_disable_heading":"default","ocean_post_title":"","ocean_post_subheading":"","ocean_post_title_style":"","ocean_post_title_background_color":"","ocean_post_title_background":0,"ocean_post_title_bg_image_position":"","ocean_post_title_bg_image_attachment":"","ocean_post_title_bg_image_repeat":"","ocean_post_title_bg_image_size":"","ocean_post_title_height":0,"ocean_post_title_bg_overlay":0.5,"ocean_post_title_bg_overlay_color":"","ocean_disable_breadcrumbs":"default","ocean_breadcrumbs_color":"","ocean_breadcrumbs_separator_color":"","ocean_breadcrumbs_links_color":"","ocean_breadcrumbs_links_hover_color":"","ocean_display_footer_widgets":"on","ocean_display_footer_bottom":"off","ocean_custom_footer_template":"2296","footnotes":""},"class_list":["post-2092","page","type-page","status-publish","hentry","entry"],"_links":{"self":[{"href":"http:\/\/ff-langenbieber.de\/index.php\/wp-json\/wp\/v2\/pages\/2092","targetHints":{"allow":["GET"]}}],"collection":[{"href":"http:\/\/ff-langenbieber.de\/index.php\/wp-json\/wp\/v2\/pages"}],"about":[{"href":"http:\/\/ff-langenbieber.de\/index.php\/wp-json\/wp\/v2\/types\/page"}],"author":[{"embeddable":true,"href":"http:\/\/ff-langenbieber.de\/index.php\/wp-json\/wp\/v2\/users\/1"}],"replies":[{"embeddable":true,"href":"http:\/\/ff-langenbieber.de\/index.php\/wp-json\/wp\/v2\/comments?post=2092"}],"version-history":[{"count":0,"href":"http:\/\/ff-langenbieber.de\/index.php\/wp-json\/wp\/v2\/pages\/2092\/revisions"}],"wp:attachment":[{"href":"http:\/\/ff-langenbieber.de\/index.php\/wp-json\/wp\/v2\/media?parent=2092"}],"curies":[{"name":"wp","href":"https:\/\/api.w.org\/{rel}","templated":true}]}}